7?
5801, 13037
What are the prime factors of 14730397?
11, 1339127
What are the prime factors of 112403997?
3, 509, 8179
List the prime factors of 1295764833.
3, 11, 1549, 25349
List the prime factors of 965931691.
965931691
What are the prime factors of 132489461?
13, 271, 37607
What are the prime factors of 64096424?
2, 7, 19, 107, 563
What are the prime factors of 1127770053?
3, 83, 4529197
List the prime factors of 249630128.
2, 11, 1418353
List the prime factors of 296495782.
2, 11, 1741, 7741
What are the prime factors of 473217865?
5, 17, 137, 40637
What are the prime factors of 379122305?
5, 127, 149, 4007
List the prime factors of 17478179.
17478179
List the prime factors of 1785544.
2, 17, 19, 691
List the prime factors of 1463337711.
3, 11, 4927063
List the prime factors of 6007420.
2, 5, 19, 15809
List the prime factors of 123362051.
31, 797, 4993
What are the prime factors of 2367689869?
211, 439, 25561
List the prime factors of 38956784.
2, 2434799
List the prime factors of 46571029.
113, 412133
List the prime factors of 2365560284.
2, 281, 2104591
List the prime factors of 1108858.
2, 61, 149
What are the prime factors of 1279615420?
2, 5, 19, 47, 71647
What are the prime factors of 315892339?
7, 1223, 36899
What are the prime factors of 1989124612?
2, 179, 2778107
What are the prime factors of 114243647?
7, 43, 59, 919
What are the prime factors of 95757399?
3, 10639711
What are the prime factors of 4603798050?
2, 3, 5, 17, 47, 107, 359
List the prime factors of 616918428.
2, 3, 7, 47, 1063
List the prime factors of 2039519910.
2, 3, 5, 67983997
List the prime factors of 448070405.
5, 1663, 53887
What are the prime factors of 13553831?
23, 589297
What are the prime factors of 619806620?
2, 5, 103, 300877
What are the prime factors of 6976216025?
5, 113, 2469457
What are the prime factors of 42517447?
7, 359, 2417
What are the prime factors of 591655045?
5, 5503, 21503
What are the prime factors of 3818104?
2, 37, 12899
What are the prime factors of 205560973?
1511, 136043
What are the prime factors of 1561298505?
3, 5, 13, 463, 17293
What are the prime factors of 18886649?
2089, 9041
List the prime factors of 290348067.
3, 23, 4207943
What are the prime factors of 56320265?
5, 41, 257, 1069
List the prime factors of 159363206.
2, 79681603
What are the prime factors of 98170950?
2, 3, 5, 167, 3919
List the prime factors of 180339964.
2, 7, 23, 280031
List the prime factors of 350083000.
2, 5, 23, 31, 491
List the prime factors of 51565192.
2, 7, 920807
List the prime factors of 4451334476.
2, 67, 16609457
List the prime factors of 52404036.
2, 3, 59, 74017
List the prime factors of 495770469.
3, 467, 353869
List the prime factors of 182970359.
11, 13, 23, 55631
List the prime factors of 84145157.
463, 181739
List the prime factors of 4204201839.
3, 19, 53, 97, 14347
What are the prime factors of 232324002?
2, 3, 269, 47981
List the prime factors of 1451152296.
2, 3, 11, 53, 181, 191
List the prime factors of 46538565.
3, 5, 3102571
What are the prime factors of 195922160?
2, 5, 7, 271, 1291
What are the prime factors of 1461426834?
2, 3, 7, 34795877
List the prime factors of 5523555202.
2, 11, 23, 89, 122653
List the prime factors of 43671822.
2, 3, 317, 22961
List the prime factors of 1545226487.
7, 220746641
What are the prime factors of 62459855?
5, 12491971
List the prime factors of 57421730.
2, 5, 41, 140053
List the prime factors of 3900469.
3900469
List the prime factors of 317836145.
5, 11, 163, 293
List the prime factors of 762081897.
3, 31, 8194429
What are the prime factors of 1839230261?
11, 167202751
List the prime factors of 231737137.
231737137
List the prime factors of 199784273.
13, 71, 216451
What are the prime factors of 2953529218?
2, 37, 41, 43, 22639
List the prime factors of 171643680.
2, 3, 5, 13, 53, 173
List the prime factors of 97976626.
2, 11, 4453483
What are the prime factors of 472822283?
59, 67, 119611
What are the prime factors of 162296997?
3, 31, 103, 16943
What are the prime factors of 1851105796?
2, 43, 10762243
List the prime factors of 320113541.
11, 73, 101, 3947
What are the prime factors of 37239707?
17, 61, 35911
What are the prime factors of 487330914?
2, 3, 7, 59, 196663
What are the prime factors of 1785439220?
2, 5, 89271961
What are the prime factors of 184536643?
184536643
List the prime factors of 47871579.
3, 7, 23, 14159
What are the prime factors of 462646231?
277, 461, 3623
What are the prime factors of 247460841?
3, 23, 1195463
List the prime factors of 6256776539.
13, 127, 197, 19237
What are the prime factors of 75509632?
2, 11, 53629
List the prime factors of 86207752.
2, 2591, 4159
What are the prime factors of 370652852?
2, 92663213
What are the prime factors of 197836986?
2, 3, 131, 251701
List the prime factors of 1158588264.
2, 3, 193, 389, 643
What are the prime factors of 154054557?
3, 83, 271, 761
List the prime factors of 116548475.
5, 23, 202693
List the prime factors of 1587517101.
3, 29, 6082441
List the prime factors of 71252722.
2, 103, 345887
List the prime factors of 196695322.
2, 98347661
What are the prime factors of 239974227?
3, 17, 1568459
List the prime factors of 19919923.
19, 821, 1277
List the prime factors of 63674342.
2, 3259, 9769
List the prime factors of 97135992.
2, 3, 23, 58657
List the prime factors of 95518874.
2, 11, 31, 140057
What are the prime factors of 265676753?
19, 13982987
List the prime factors of 750486.
2, 3, 11, 83, 137
List the prime factors of 13329616.
2, 833101
List the prime factors of 139232427.
3, 46410809
What are the prime factors of 91538238?
2, 3, 11, 19, 72997
What are the prime factors of 473376551?
43, 11008757
What are the prime factors of 22639823?
317, 71419
What are the prime factors of 85187298?
2, 3, 7, 19, 106751
List the prime factors of 344372691.
3, 13, 8830069
List the prime factors of 5686753813.
13, 37, 11822773
What are the prime factors of 2069508807?
3, 971, 236813
List the prime factors of 719770969.
349, 2062381
What are the prime factors of 7575214?
2, 1013, 3739
What are the prime factors of 10574751?
3, 11, 31, 10337
List the prime factors of 100385599.
5927, 16937
What are the prime factors of 18311743?
191, 95873
What are the prime factors of 412600942?
2, 13, 1093, 14519
List the prime factors of 111386741.
383, 290827
List the prime factors of 2182015082.
2, 13, 83923657
What are the prime factors of 143794186?
2, 71897093
List the prime factors of 210085933.
23, 307, 29753
What are the prime factors of 267638006?
2, 133819003
List the prime factors of 134741312.
2, 19, 110807
List the prime factors of 1821248531.
43, 479, 88423
List the prime factors of 5808783.
3, 571, 3391
List the prime factors of 670579347.
3, 223526449
What are the prime factors of 250660872?
2, 3, 7, 11, 2153
List the prime factors of 275948852.
2, 157, 439409
What are the prime factors of 723422239?
43, 16823773
List the prime factors of 471350400.
2, 3, 5, 37, 1327
What are the prime factors of 5496503271?
3, 7, 61, 139, 30869
List the prime factors of 401497433.
67, 967, 6197
What are the prime factors of 770653650?
2, 3, 5, 13, 227, 1741
What are the prime factors of 1014944?
2, 7, 23, 197
List the prime factors of 141881882.
2, 103, 688747
List the prime factors of 1461750980.
2, 5, 337, 216877
List the prime factors of 3253522.
2, 19, 85619
What are the prime factors of 4573838550?
2, 3, 5, 30492257
List the prime factors of 758504307.
3, 11, 383, 60013
What are the prime factors of 54683043?
3, 47, 547, 709
List the prime factors of 6762522.
2, 3, 13, 181, 479
List the prime factors of 3582033784.
2, 7, 137, 466897
What are the prime factors of 7933661797?
41299, 192103
What are the prime factors of 3018395465?
5, 15787, 38239
What are the prime factors of 1010001892?
2, 17, 859, 17291
What are the prime factors of 287415523?
373, 770551
What are the prime factors of 325852940?
2, 5, 7, 17, 19559
List the prime factors of 51673852.
2, 59, 347, 631
What are the prime factors of 44609302?
2, 19, 397, 2957
What are the prime factors of 19418138?
2, 9709069
What are the prime factors of 594578399?
594578399
List the prime factors of 338210201.
7, 107, 251, 257
List the prime factors of 139007973.
3, 13, 35